(-15)/20. What is r(i)?
-14
Let a(p) = -6*p**2 + p. Suppose o - 1 = -4*b, 0*o + 4*b = -3*o + 3. Give a(o).
-5
Let q(d) = -10*d**3 + d + 1. Suppose -2 = -4*w - 6. Calculate q(w).
10
Suppose -2*k + i - 1 = 0, -5*i + 0*i - 16 = -3*k. Let n be k - (2 + (1 - 2)). Let h(j) = -j**2 - 6*j - 4. Give h(n).
4
Let p(o) = -2*o**3 - 13*o**2 - 9*o + 8. Let i(l) = -l**3 - 6*l**2 - 4*l + 4. Let s(q) = -9*i(q) + 4*p(q). Calculate s(-3).
-13
Let f(r) be the first derivative of -3*r**2/2 - 2*r + 3. Let h be f(-2). Let b(w) be the third derivative of w**6/120 - w**5/12 + w**4/6 + w**2. Calculate b(h).
0
Let g(w) = -2*w. Let q be (-6)/8*(-9 - -1). Determine g(q).
-12
Let a(l) be the third derivative of l**9/60480 + l**8/5040 - l**7/1680 + l**6/720 + l**5/60 - l**2. Let z(d) be the third derivative of a(d). Calculate z(-5).
-9
Let a(q) = q. Let b be a(1). Let k(f) = -4*f**2 + b - 3 + 5*f**2 - 2*f + 4. Calculate k(2).
2
Let l(h) = -h**2 + 6*h + 2. Let k(f) = f + 10. Let t be k(-5). Calculate l(t).
7
Let k(g) = -g**3 + 3*g**2 - g - 4. Suppose 0 = 5*o - t - 22, -1 = 3*t + 5. What is k(o)?
-24
Let g = 8 - 3. Let l(d) = -d**3 + 6*d**2 - 7*d + 7. Determine l(g).
-3
Let k(n) = n**2 - 6*n + 7. Let p be k(5). Let r(u) be the first derivative of 1 - u**p - u**2 + 3*u - u. Determine r(2).
-6
Let p(n) = -n**2 + 8*n - 7. Let x(t) = -6*t**3 - 2*t**2 - t + 1. Let v be x(-1). Give p(v).
5
Let p(m) = m**2 - m. Let g(u) = -4*u**2 + 7*u. Let v(o) = g(o) + 5*p(o). Calculate v(-4).
8
Let p(v) be the third derivative of -v**6/120 - v**5/30 + v**4/8 + 2*v**2. Let m = -7 + 3. Let j = 1 + m. What is p(j)?
0
Suppose -3*n - 3 + 9 = 0. Let y(q) = -q**3 + n*q**2 + 5*q**2 - 2*q**2 + 2*q**3 - 7*q - 3. What is y(-6)?
3
Let c(a) = 5*a + 1. Let m be (-1)/6 + 10/(-12). Let k be c(m). Let z(u) be the third derivative of -u**4/24 - u**3/3 + u**2. Calculate z(k).
2
Let p(k) be the third derivative of k**8/1344 - k**7/1260 + k**6/720 - k**4/12 + k**2. Let y(s) be the second derivative of p(s). What is y(1)?
4
Let t(u) be the first derivative of -u**3/3 - 3*u**2 - u + 4. Determine t(-5).
4
Suppose -31 = -3*n - 37. Let v(m) = -2*m. Determine v(n).
4
Let d(p) = 4*p + 4. Let u(j) = -j**3 - j + 2. Let i be u(0). Let w(v) = -v. Let x(q) = i*d(q) + 6*w(q). What is x(-6)?
-4
Let n(j) = j**3 - 7*j**2 - 11*j + 20. Let t be n(8). Let r(g) = -2*g - 6. Determine r(t).
2
Let t(p) = -1. Suppose 0*u - 10 = 2*u. Let f(y) = 4*y + 6. Let o(c) = u*t(c) - f(c). Give o(-2).
7
Suppose 0 = 3*r - 5*r - 6. Let m be r/(-2)*4/(-3). Let u(i) = i**3 - i**2 - 5*i + 2. Let t(q) = q**3 + q**2 - q + 1. Let k(f) = m*t(f) + u(f). What is k(-2)?
2
Let z(s) = -s**2 - 5*s + 4. Let i be z(-6). Let f be (i - -5)*-1*-1. Let p(m) = -m + 2*m + 7*m**2 - 3 - 8*m**2. Determine p(f).
-9
Suppose a - 6*t - 14 = -3*t, 2*t = -5*a - 15. Let d(o) = -o + 2. Let x be d(0). Let s(m) = 2*m**2 - 1 - 3*m**x - m**2 - 2*m + 6*m**3. Calculate s(a).
-7
Let x(t) = -2*t**2 + 2*t + 4. Let r = 19 - 16. What is x(r)?
-8
Let v(y) = 1. Let m(x) = -x + 1. Let f(l) = m(l) - 3*v(l). Let w = -2 + -4. Determine f(w).
4
Suppose 7*f - 3*f - 24 = 0. Let i(y) = -5*y - 6 + 6*y - y**2 + f*y + 0*y. Give i(6).
0
Let t(d) = 0*d**2 - 5*d - 3*d**2 + 0*d - 3 + 2*d**2. Suppose -j = -0*j + 2. Let p be (75/6)/5*j. Give t(p).
-3
Let r = -8 - -9. Let p(j) = 2*j**2 + j. What is p(r)?
3
Let r = 38 - 44. Let z(p) = p**3 + 5*p**2 - 7*p - 2. What is z(r)?
4
Let c(s) be the third derivative of -1/60*s**5 - 5/6*s**3 + 1/24*s**4 + 1/120*s**6 + 0*s + 0 - s**2. Calculate c(0).
-5
Let b = 1 + -3. Let m = b + 4. Let s(h) = 1 + 2*h**2 + m*h**3 - h + 0*h**3 - 3*h**2 - 5*h**3. What is s(1)?
-4
Let u(j) = j**3 - 5*j**2 - 2*j + 6. Suppose -2*w + 44 = 4*v, -4*v = w + v - 22. Let k = w + -17. What is u(k)?
-4
Let v(a) = 7*a. Let q(t) = -8*t. Let s(u) = 5*q(u) + 6*v(u). Determine s(1).
2
Let k = 4 + 1. Suppose -d + k*q - 14 = -4*d, 3*d - 13 = -4*q. Let s(b) = -3 + b**2 + 2 + 3*b**3 + b - 5*b**d. What is s(1)?
-1
Let k(a) = a**2 - 6*a + 1. Let c = -6 - -8. Suppose -6 = 2*m + m, -2*o - c*m + 6 = 0. Give k(o).
-4
Let n(l) = 2*l + 5. Suppose d - 38 = -d. Suppose -6 = 5*y + d. What is n(y)?
-5
Suppose -3*p - 4 - 8 = t, 21 = -3*p - 4*t. Let l(u) be the second derivative of u**4/12 + u**3 + 2*u**2 - u. Calculate l(p).
-5
Let o(z) = z**2 + z. Let t(p) = -p**2. Let g(m) = -m**2 - m - 1. Let k(f) = -g(f) - t(f). Let l(d) = -3*k(d) + 5*o(d). What is l(5)?
-18
Let s(j) = 10*j**3 + 11*j**2 - 8. Let z(t) = 7*t**3 + 7*t**2 - 5. Let w(r) = 5*s(r) - 8*z(r). Give w(-1).
5
Let f(r) = -r + 1. Let u(m) = -5*m + 7. Let q(h) = 6*f(h) - u(h). Determine q(-2).
1
Let b(a) be the third derivative of -a**8/20160 + a**7/1680 - a**6/240 - a**5/60 + a**2. Let z(i) be the third derivative of b(i). What is z(3)?
-3
Let h(b) be the second derivative of -b**3/6 - 3*b**2 + 2*b - 3. Give h(5).
-11
Suppose 2*k + 15 = 5*k. Suppose -y - 4*m = -5*y - 12, k = -5*y - 5*m. Let l(f) = -2*f**3 - 3*f**2 - 2*f - 1. What is l(y)?
7
Let p(b) = -b**3 - 9*b**2 + 10*b - 1. Let q be -27 - -25 - (-3)/(3/(-8)). Determine p(q).
-1
Let l(k) be the first derivative of 0*k**2 + 2 - 5/3*k**3 - 4*k + 1/4*k**4. What is l(5)?
-4
Let q(j) = -j**2 - 3*j - 1. Suppose -2*c - 7 = z, 3 + 10 = -2*c - 3*z. Calculate q(c).
1
Let r(s) be the third derivative of -s**7/2520 - s**5/30 + s**4/8 + 6*s**2. Let h(o) be the second derivative of r(o). What is h(0)?
-4
Let n(x) = -21*x. Let d(c) = c. Let g(h) = 2*d(h) - n(h). What is g(1)?
23
Let x(o) be the second derivative of -o**4/12 + o**3/6 + 13*o**2/2 - o + 12. Suppose 4 = 2*f + f + 4*c, f - 4*c + 4 = 0. Give x(f).
13
Suppose -5*n + 0*x - 5 = 5*x, 0 = 2*n + x - 1. Let p(g) = 2*g**3 - g**2 - 2*g. Determine p(n).
8
Let o be (-31)/(-5) - 1/5. Let r(z) = 4*z - 6*z**2 + 3*z + o + z**3 + z - 4*z. Let j = -6 - -11. Give r(j).
1
Let i(h) be the third derivative of h**7/840 + h**6/60 - h**5/60 - h**4/4 - 4*h**3/3 - h**2. Let y(s) be the first derivative of i(s). What is y(-6)?
6
Let v(t) = 10*t**2 + 7*t. Let c(u) be the second derivative of -u**4/4 - u**3/3 + 2*u. Let i(d) = -7*c(d) - 2*v(d). Determine i(-2).
4
Let y(i) = i - 2. Let a be y(6). Let k(q) = 2*q - 13. Let v(o) = o - 6. Let x(g) = 3*k(g) - 7*v(g). Calculate x(a).
-1
Let r = 7 - 5. Suppose 3*z = -5*h - 4, r*h = h - 2. Let p(b) = 1 + 2 - 2*b**z - 5 + 4*b. Calculate p(2).
-2
Let r(z) = 3*z - 1. Let a(v) = v**3 + 4*v**2 - 7*v - 6. Let d be a(-4). Let t = d - 32. Let k be 2/(-7) - t/(-14). Calculate r(k).
-4
Let t be 4 + -7 - ((-11 - 1) + 3). Let b(n) = -n - 6. Determine b(t).
-12
Suppose -3*p - 2*l = -5*l - 3, 3*l = 4*p - 7. Suppose -2*u + w = -3, p*u - 6 = 5*u - 2*w. Let d(i) = 3*i - 6. What is d(u)?
6
Let m(d) be the first derivative of d**4/4 + 4*d**3/3 - 3*d**2/2 - 5*d + 2. Suppose 3*s + 5 = -7. Calculate m(s).
7
Let x(b) be the first derivative of -5/3*b**3 - 1/4*b**4 - b + 1/2*b**2 + 3. Give x(-5).
-6
Suppose 2*n - 3*g - 6 = -g, n + g = 9. Let c(o) = -n + 7*o + 5 + 5*o. Give c(1).
11
Let x(s) be the second derivative of -s**5/20 + s**3/6 + s**2/2 + 2*s. Let t(r) = 7*r**3 - 4*r**2 - 7*r - 11. Let b(g) = -t(g) - 6*x(g). Calculate b(4).
9
Suppose 0 = -3*r + 5*u + 21, -4*r + 2*u = -3*u - 23. Let m(h) = -h**3 + 3*h**2 - 3*h + 2. What is m(r)?
0
Let z(y) = -2*y**3 - y**2 + 14*y + 8. Let f(n) = n**3 - 7*n - 4. Let p(i) = -5*f(i) - 3*z(i). Calculate p(-5).
-19
Suppose 18 = 5*b - 27. Let s be (-43)/b + (-2)/9. Let d = 8 + s. Let i(k) = -2*k**2 + 4*k + 1. Give i(d).
-5
Let a(r) be the third derivative of r**4/24 - r**2. Let l be 1/(-3) + 16/3. Suppose 21 = -o - 2*o + 3*c, -4*c - 17 = l*o. Give a(o).
-5
Let i(d) = 4*d - 1. Let n = 3 + 1. Let y = n + -3. Determine i(y).
3
Let o(q) be the third derivative of -q**4/4 - 9*q**2. Determine o(-1).
6
Let u be ((-15)/10)/(3/(-6)). Let x(b) = -2*b - 2 - u*b + 0*b + 6*b. Determine x(4).
2
Let d(v) = 5*v**2 + 6*v + 4. Let m(p) = 21*p**2 + 25*p + 17. Let t(u) = 9*d(u) - 2*m(u). Let z = 8 - 9. Let c be 2*(3 + -2)*z. What is t(c)?
6
Let y(w) = -29*w + 1 - 26*w - w**2 + 63*w. Calculate y(7).
8
Let u be 42/(-168)*(1 + -1). Let r(p) be the second derivative of -1/6*p**3 + 1/6*p**4 + u + 4*p - 1/20*p**5 + p**2. Calculate r(3).
-10
Let y(t) = t**3 - t**2 + 1. Suppose 4*j + 2*s = 40 + 4, 3*j - 40 = 2*s. Suppose 4*x - j = -3*d, -2*d + 5 - 2 = x. Let p be y(d). Le